{"id":9374,"date":"2025-01-09T13:13:30","date_gmt":"2025-01-09T12:13:30","guid":{"rendered":"https:\/\/termasdepanimavida.cl\/2025\/?page_id=9374"},"modified":"2025-01-27T22:28:45","modified_gmt":"2025-01-27T21:28:45","slug":"cotizacion-por-el-dia","status":"publish","type":"page","link":"https:\/\/termasdepanimavida.cl\/esp\/cotizacion-por-el-dia\/","title":{"rendered":"Cotizaci\u00f3n por el d\u00eda"},"content":{"rendered":"\t\t<div data-elementor-type=\"wp-page\" data-elementor-id=\"9374\" class=\"elementor elementor-9374\">\n\t\t\t\t<div class=\"elementor-element elementor-element-4ba87d10 e-flex e-con-boxed e-con e-parent\" data-id=\"4ba87d10\" data-element_type=\"container\">\n\t\t\t\t\t<div class=\"e-con-inner\">\n\t\t\t\t<div class=\"elementor-element elementor-element-7b41cc1 elementor-widget elementor-widget-text-editor\" data-id=\"7b41cc1\" data-element_type=\"widget\" data-widget_type=\"text-editor.default\">\n\t\t\t\t<div class=\"elementor-widget-container\">\n\t\t\t\t\t\t\t\t\t<div class=\"wpcf7 no-js\" id=\"wpcf7-f9371-o1\" lang=\"es-ES\" dir=\"ltr\" data-wpcf7-id=\"9371\">\n<div class=\"screen-reader-response\">\n<p role=\"status\" aria-live=\"polite\" aria-atomic=\"true\">\n<ul><\/ul>\n<\/div>\n<form action=\"\/esp\/wp-json\/wp\/v2\/pages\/9374#wpcf7-f9371-o1\" method=\"post\" class=\"wpcf7-form init\" aria-label=\"Formulario de contacto\" novalidate=\"novalidate\" data-status=\"init\">\n<fieldset class=\"hidden-fields-container\"><input type=\"hidden\" name=\"_wpcf7\" value=\"9371\" \/><input type=\"hidden\" name=\"_wpcf7_version\" value=\"6.1.1\" \/><input type=\"hidden\" name=\"_wpcf7_locale\" value=\"es_ES\" \/><input type=\"hidden\" name=\"_wpcf7_unit_tag\" value=\"wpcf7-f9371-o1\" \/><input type=\"hidden\" name=\"_wpcf7_container_post\" value=\"0\" \/><input type=\"hidden\" name=\"_wpcf7_posted_data_hash\" value=\"\" \/><br \/>\n<\/fieldset>\n<p><label> <b>Nombre Completo:<\/b><br \/>\n<span class=\"wpcf7-form-control-wrap\" data-name=\"your-name\"><input size=\"40\" maxlength=\"400\" class=\"wpcf7-form-control wpcf7-text wpcf7-validates-as-required\" autocomplete=\"name\" aria-required=\"true\" aria-invalid=\"false\" value=\"\" type=\"text\" name=\"your-name\" \/><\/span> <\/label>\n<\/p>\n<p><label> <b>Correo electr\u00f3nico:<\/b><br \/>\n<span class=\"wpcf7-form-control-wrap\" data-name=\"your-email\"><input size=\"40\" maxlength=\"400\" class=\"wpcf7-form-control wpcf7-email wpcf7-validates-as-required wpcf7-text wpcf7-validates-as-email\" autocomplete=\"email\" aria-required=\"true\" aria-invalid=\"false\" value=\"\" type=\"email\" name=\"your-email\" \/><\/span> <\/label>\n<\/p>\n<p><label> <b>Rut:<\/b><br \/>\n<span class=\"wpcf7-form-control-wrap\" data-name=\"rut\"><input size=\"40\" maxlength=\"400\" class=\"wpcf7-form-control wpcf7-text wpcf7-validates-as-required\" aria-required=\"true\" aria-invalid=\"false\" value=\"\" type=\"text\" name=\"rut\" \/><\/span> <\/label>\n<\/p>\n<p><label> <b>Celular:<\/b><br \/>\n<span class=\"wpcf7-form-control-wrap\" data-name=\"celular\"><input size=\"40\" maxlength=\"400\" class=\"wpcf7-form-control wpcf7-tel wpcf7-validates-as-required wpcf7-text wpcf7-validates-as-tel\" aria-required=\"true\" aria-invalid=\"false\" value=\"\" type=\"tel\" name=\"celular\" \/><\/span> <\/label>\n<\/p>\n<p><label> <b>Fecha Visita:<\/b><br \/>\n<span class=\"wpcf7-form-control-wrap\" data-name=\"fechaingreso\"><input class=\"wpcf7-form-control wpcf7-date wpcf7-validates-as-required wpcf7-validates-as-date\" min=\"2024-12-01\" max=\"2026-07-31\" aria-required=\"true\" aria-invalid=\"false\" value=\"\" type=\"date\" name=\"fechaingreso\" \/><\/span> <\/label>\n<\/p>\n<p><label> <b>Cantidad Adultos:<\/b><br \/>\n(Adultos: desde 10 a\u00f1os en adelante)<br \/>\n<span class=\"wpcf7-form-control-wrap\" data-name=\"adultos\"><input class=\"wpcf7-form-control wpcf7-number wpcf7-validates-as-required wpcf7-validates-as-number\" aria-required=\"true\" aria-invalid=\"false\" value=\"\" type=\"number\" name=\"adultos\" \/><\/span><\/label><b>Cantidad Ni\u00f1os:<\/b><br \/>\n(Ni\u00f1os: desde 5 a 9 a\u00f1os)<br \/>\n<span class=\"wpcf7-form-control-wrap\" data-name=\"ninos\"><input class=\"wpcf7-form-control wpcf7-number wpcf7-validates-as-required wpcf7-validates-as-number\" aria-required=\"true\" aria-invalid=\"false\" value=\"\" type=\"number\" name=\"ninos\" \/><\/span><b>Cantidad Infantes:<\/b><br \/>\n(Infantes: desde 0 a 4 a\u00f1os)<br \/>\n<span class=\"wpcf7-form-control-wrap\" data-name=\"infantes\"><input class=\"wpcf7-form-control wpcf7-number wpcf7-validates-as-required wpcf7-validates-as-number\" aria-required=\"true\" aria-invalid=\"false\" value=\"\" type=\"number\" name=\"infantes\" \/><\/span><b>Servicio Solicitado:<\/b><br \/>\n<span class=\"wpcf7-form-control-wrap\" data-name=\"servicio\"><select class=\"wpcf7-form-control wpcf7-select\" aria-invalid=\"false\" name=\"servicio\"><option value=\"\"><\/option><option value=\"14\/FEB: CENA ROM\u00c1NTICA - (ADULTOS: 68.000) - (NI\u00d1O 5 A 9: $44.000) - (NI\u00d1OS 10 A 17: $56.000)\">14\/FEB: CENA ROM\u00c1NTICA &#8211; (ADULTOS: 68.000) &#8211; (NI\u00d1O 5 A 9: $44.000) &#8211; (NI\u00d1OS 10 A 17: $56.000)<\/option><option value=\"---\">&#8212;<\/option><option value=\"Desayuno Buffet\">Desayuno Buffet<\/option><option value=\"Almuerzo Buffet\">Almuerzo Buffet<\/option><option value=\"Once Continental\">Once Continental<\/option><option value=\"Cena Buffet\">Cena Buffet<\/option><option value=\"Piscina D\u00eda Completo\">Piscina D\u00eda Completo<\/option><option value=\"Piscina Medio D\u00eda\">Piscina Medio D\u00eda<\/option><option value=\"Piscina Media Tarde\">Piscina Media Tarde<\/option><option value=\"Piscina + Almuerzo Buffet\">Piscina + Almuerzo Buffet<\/option><option value=\"Piscina + Desayuno Buffet + Almuerzo Buffet\">Piscina + Desayuno Buffet + Almuerzo Buffet<\/option><option value=\"Piscina + Almuerzo Buffet + Once Continental\">Piscina + Almuerzo Buffet + Once Continental<\/option><option value=\"Piscina + Dessayuno Buffet + Almuerzo Buffet + Once Continental\">Piscina + Dessayuno Buffet + Almuerzo Buffet + Once Continental<\/option><option value=\"Piscina + Once Continental\">Piscina + Once Continental<\/option><option value=\"Promoci\u00f3n d\u00eda de Spa (promoci\u00f3n 1)\">Promoci\u00f3n d\u00eda de Spa (promoci\u00f3n 1)<\/option><option value=\"Promoci\u00f3n d\u00eda de Spa (promoci\u00f3n 2)\">Promoci\u00f3n d\u00eda de Spa (promoci\u00f3n 2)<\/option><option value=\"Promoci\u00f3n d\u00eda de Spa (promoci\u00f3n 3)\">Promoci\u00f3n d\u00eda de Spa (promoci\u00f3n 3)<\/option><option value=\"Promoci\u00f3n d\u00eda de Spa (promoci\u00f3n 4)\">Promoci\u00f3n d\u00eda de Spa (promoci\u00f3n 4)<\/option><option value=\"Promoci\u00f3n pack 2 servicios de Spa 10% Dcto. (Opci\u00f3n 1)\">Promoci\u00f3n pack 2 servicios de Spa 10% Dcto. (Opci\u00f3n 1)<\/option><option value=\"Promoci\u00f3n pack 2 servicios de Spa 10% Dcto. (Opci\u00f3n 2)\">Promoci\u00f3n pack 2 servicios de Spa 10% Dcto. (Opci\u00f3n 2)<\/option><option value=\"Promoci\u00f3n pack 2 servicios de Spa 10% Dcto. (Opci\u00f3n 3)\">Promoci\u00f3n pack 2 servicios de Spa 10% Dcto. (Opci\u00f3n 3)<\/option><option value=\"Promoci\u00f3n pack 2 servicios de Spa 10% Dcto. (Opci\u00f3n 4)\">Promoci\u00f3n pack 2 servicios de Spa 10% Dcto. (Opci\u00f3n 4)<\/option><\/select><\/span>\n<\/p>\n<p><input class=\"wpcf7-form-control wpcf7-submit has-spinner\" type=\"submit\" value=\"Enviar\" \/>\n<\/p>\n<div class=\"wpcf7-response-output\" aria-hidden=\"true\"><\/div>\n<\/form>\n<\/div>\n\n<p>\u00a0<\/p>\n\t\t\t\t\t\t\t\t<\/div>\n\t\t\t\t<\/div>\n\t\t\t\t\t<\/div>\n\t\t\t\t<\/div>\n\t\t\t\t<\/div>\n\t\t","protected":false},"excerpt":{"rendered":"<p>\u00a0<\/p>\n","protected":false},"author":1,"featured_media":3893,"parent":0,"menu_order":0,"comment_status":"closed","ping_status":"closed","template":"template-fullwidth.php","meta":{"_monsterinsights_skip_tracking":false,"_monsterinsights_sitenote_active":false,"_monsterinsights_sitenote_note":"","_monsterinsights_sitenote_category":0,"cozystay_single_page_hide_site_header":"","cozystay_single_page_site_header_source":"","cozystay_single_page_custom_site_header":"0","cozystay_single_page_custom_sticky_site_header":"0","cozystay_single_page_hide_page_title":"","cozystay_single_page_header_section_size":"","cozystay_single_page_header_background_color":"","cozystay_single_page_header_background_position_x":"center","cozystay_single_page_header_background_position_y":"center","cozystay_single_page_header_background_size":"cover","cozystay_single_page_header_background_repeat":"off","cozystay_single_page_header_background_scroll":"on","cozystay_single_page_header_text_color":"","cozystay_single_page_header_show_breadcrumb":"","cozystay_single_page_site_footer_hide_main":"","cozystay_single_custom_site_footer_main_source":"","cozystay_single_custom_site_footer_main":"0","cozystay_single_page_site_footer_hide_above":"","cozystay_single_custom_site_footer_above_source":"","cozystay_single_custom_site_footer_above":"0","cozystay_single_page_site_footer_hide_instagram":"","cozystay_single_page_site_footer_hide_bottom":"","cozystay_single_custom_mobile_menu_source":"","cozystay_single_custom_mobile_menu":"0","cozystay_single_custom_mobile_menu_animation":"","cozystay_single_custom_mobile_menu_width":"","cozystay_single_custom_mobile_menu_custom_width":375,"footnotes":""},"class_list":["post-9374","page","type-page","status-publish","has-post-thumbnail","hentry"],"aioseo_notices":[],"yoast_head":"<!-- This site is optimized with the Yoast SEO plugin v25.9 - https:\/\/yoast.com\/wordpress\/plugins\/seo\/ -->\n<title>Cotizaci\u00f3n por el d\u00eda - Termas de P\u00e1nimavida<\/title>\n<meta name=\"robots\" content=\"index, follow, max-snippet:-1, max-image-preview:large, max-video-preview:-1\" \/>\n<link rel=\"canonical\" href=\"https:\/\/termasdepanimavida.cl\/esp\/cotizacion-por-el-dia\/\" \/>\n<meta property=\"og:locale\" content=\"es_ES\" \/>\n<meta property=\"og:type\" content=\"article\" \/>\n<meta property=\"og:title\" content=\"Cotizaci\u00f3n por el d\u00eda - Termas de P\u00e1nimavida\" \/>\n<meta property=\"og:description\" content=\"\u00a0\" \/>\n<meta property=\"og:url\" content=\"https:\/\/termasdepanimavida.cl\/esp\/cotizacion-por-el-dia\/\" \/>\n<meta property=\"og:site_name\" content=\"Termas de P\u00e1nimavida\" \/>\n<meta property=\"article:publisher\" content=\"https:\/\/www.facebook.com\/termasdepanimavida.cl\" \/>\n<meta property=\"article:modified_time\" content=\"2025-01-27T21:28:45+00:00\" \/>\n<meta property=\"og:image\" content=\"https:\/\/termasdepanimavida.cl\/esp\/wp-content\/uploads\/2024\/04\/piscina-456.png\" \/>\n\t<meta property=\"og:image:width\" content=\"1080\" \/>\n\t<meta property=\"og:image:height\" content=\"720\" \/>\n\t<meta property=\"og:image:type\" content=\"image\/png\" \/>\n<meta name=\"twitter:card\" content=\"summary_large_image\" \/>\n<meta name=\"twitter:label1\" content=\"Tiempo de lectura\" \/>\n\t<meta name=\"twitter:data1\" content=\"1 minuto\" \/>\n<script type=\"application\/ld+json\" class=\"yoast-schema-graph\">{\"@context\":\"https:\/\/schema.org\",\"@graph\":[{\"@type\":\"WebPage\",\"@id\":\"https:\/\/termasdepanimavida.cl\/esp\/cotizacion-por-el-dia\/\",\"url\":\"https:\/\/termasdepanimavida.cl\/esp\/cotizacion-por-el-dia\/\",\"name\":\"Cotizaci\u00f3n por el d\u00eda - Termas de P\u00e1nimavida\",\"isPartOf\":{\"@id\":\"https:\/\/termasdepanimavida.cl\/esp\/#website\"},\"primaryImageOfPage\":{\"@id\":\"https:\/\/termasdepanimavida.cl\/esp\/cotizacion-por-el-dia\/#primaryimage\"},\"image\":{\"@id\":\"https:\/\/termasdepanimavida.cl\/esp\/cotizacion-por-el-dia\/#primaryimage\"},\"thumbnailUrl\":\"https:\/\/termasdepanimavida.cl\/esp\/wp-content\/uploads\/2024\/04\/piscina-456.png\",\"datePublished\":\"2025-01-09T12:13:30+00:00\",\"dateModified\":\"2025-01-27T21:28:45+00:00\",\"breadcrumb\":{\"@id\":\"https:\/\/termasdepanimavida.cl\/esp\/cotizacion-por-el-dia\/#breadcrumb\"},\"inLanguage\":\"es\",\"potentialAction\":[{\"@type\":\"ReadAction\",\"target\":[\"https:\/\/termasdepanimavida.cl\/esp\/cotizacion-por-el-dia\/\"]}]},{\"@type\":\"ImageObject\",\"inLanguage\":\"es\",\"@id\":\"https:\/\/termasdepanimavida.cl\/esp\/cotizacion-por-el-dia\/#primaryimage\",\"url\":\"https:\/\/termasdepanimavida.cl\/esp\/wp-content\/uploads\/2024\/04\/piscina-456.png\",\"contentUrl\":\"https:\/\/termasdepanimavida.cl\/esp\/wp-content\/uploads\/2024\/04\/piscina-456.png\",\"width\":1080,\"height\":720},{\"@type\":\"BreadcrumbList\",\"@id\":\"https:\/\/termasdepanimavida.cl\/esp\/cotizacion-por-el-dia\/#breadcrumb\",\"itemListElement\":[{\"@type\":\"ListItem\",\"position\":1,\"name\":\"Inicio\",\"item\":\"https:\/\/termasdepanimavida.cl\/esp\/\"},{\"@type\":\"ListItem\",\"position\":2,\"name\":\"Cotizaci\u00f3n por el d\u00eda\"}]},{\"@type\":\"WebSite\",\"@id\":\"https:\/\/termasdepanimavida.cl\/esp\/#website\",\"url\":\"https:\/\/termasdepanimavida.cl\/esp\/\",\"name\":\"Termas de P\u00e1nimavida\",\"description\":\"\",\"publisher\":{\"@id\":\"https:\/\/termasdepanimavida.cl\/esp\/#organization\"},\"potentialAction\":[{\"@type\":\"SearchAction\",\"target\":{\"@type\":\"EntryPoint\",\"urlTemplate\":\"https:\/\/termasdepanimavida.cl\/esp\/?s={search_term_string}\"},\"query-input\":{\"@type\":\"PropertyValueSpecification\",\"valueRequired\":true,\"valueName\":\"search_term_string\"}}],\"inLanguage\":\"es\"},{\"@type\":\"Organization\",\"@id\":\"https:\/\/termasdepanimavida.cl\/esp\/#organization\",\"name\":\"Termas de P\u00e1nimavida\",\"url\":\"https:\/\/termasdepanimavida.cl\/esp\/\",\"logo\":{\"@type\":\"ImageObject\",\"inLanguage\":\"es\",\"@id\":\"https:\/\/termasdepanimavida.cl\/esp\/#\/schema\/logo\/image\/\",\"url\":\"https:\/\/termasdepanimavida.cl\/2024\/wp-content\/uploads\/2024\/03\/Logotipo_Amarillo-copia.png\",\"contentUrl\":\"https:\/\/termasdepanimavida.cl\/2024\/wp-content\/uploads\/2024\/03\/Logotipo_Amarillo-copia.png\",\"width\":1080,\"height\":589,\"caption\":\"Termas de P\u00e1nimavida\"},\"image\":{\"@id\":\"https:\/\/termasdepanimavida.cl\/esp\/#\/schema\/logo\/image\/\"},\"sameAs\":[\"https:\/\/www.facebook.com\/termasdepanimavida.cl\",\"https:\/\/www.instagram.com\/termasdepanimavida.cl\/\",\"https:\/\/www.youtube.com\/@termasdepanimavida1822\"]}]}<\/script>\n<!-- \/ Yoast SEO plugin. -->","yoast_head_json":{"title":"Cotizaci\u00f3n por el d\u00eda - Termas de P\u00e1nimavida","robots":{"index":"index","follow":"follow","max-snippet":"max-snippet:-1","max-image-preview":"max-image-preview:large","max-video-preview":"max-video-preview:-1"},"canonical":"https:\/\/termasdepanimavida.cl\/esp\/cotizacion-por-el-dia\/","og_locale":"es_ES","og_type":"article","og_title":"Cotizaci\u00f3n por el d\u00eda - Termas de P\u00e1nimavida","og_description":"\u00a0","og_url":"https:\/\/termasdepanimavida.cl\/esp\/cotizacion-por-el-dia\/","og_site_name":"Termas de P\u00e1nimavida","article_publisher":"https:\/\/www.facebook.com\/termasdepanimavida.cl","article_modified_time":"2025-01-27T21:28:45+00:00","og_image":[{"width":1080,"height":720,"url":"https:\/\/termasdepanimavida.cl\/esp\/wp-content\/uploads\/2024\/04\/piscina-456.png","type":"image\/png"}],"twitter_card":"summary_large_image","twitter_misc":{"Tiempo de lectura":"1 minuto"},"schema":{"@context":"https:\/\/schema.org","@graph":[{"@type":"WebPage","@id":"https:\/\/termasdepanimavida.cl\/esp\/cotizacion-por-el-dia\/","url":"https:\/\/termasdepanimavida.cl\/esp\/cotizacion-por-el-dia\/","name":"Cotizaci\u00f3n por el d\u00eda - Termas de P\u00e1nimavida","isPartOf":{"@id":"https:\/\/termasdepanimavida.cl\/esp\/#website"},"primaryImageOfPage":{"@id":"https:\/\/termasdepanimavida.cl\/esp\/cotizacion-por-el-dia\/#primaryimage"},"image":{"@id":"https:\/\/termasdepanimavida.cl\/esp\/cotizacion-por-el-dia\/#primaryimage"},"thumbnailUrl":"https:\/\/termasdepanimavida.cl\/esp\/wp-content\/uploads\/2024\/04\/piscina-456.png","datePublished":"2025-01-09T12:13:30+00:00","dateModified":"2025-01-27T21:28:45+00:00","breadcrumb":{"@id":"https:\/\/termasdepanimavida.cl\/esp\/cotizacion-por-el-dia\/#breadcrumb"},"inLanguage":"es","potentialAction":[{"@type":"ReadAction","target":["https:\/\/termasdepanimavida.cl\/esp\/cotizacion-por-el-dia\/"]}]},{"@type":"ImageObject","inLanguage":"es","@id":"https:\/\/termasdepanimavida.cl\/esp\/cotizacion-por-el-dia\/#primaryimage","url":"https:\/\/termasdepanimavida.cl\/esp\/wp-content\/uploads\/2024\/04\/piscina-456.png","contentUrl":"https:\/\/termasdepanimavida.cl\/esp\/wp-content\/uploads\/2024\/04\/piscina-456.png","width":1080,"height":720},{"@type":"BreadcrumbList","@id":"https:\/\/termasdepanimavida.cl\/esp\/cotizacion-por-el-dia\/#breadcrumb","itemListElement":[{"@type":"ListItem","position":1,"name":"Inicio","item":"https:\/\/termasdepanimavida.cl\/esp\/"},{"@type":"ListItem","position":2,"name":"Cotizaci\u00f3n por el d\u00eda"}]},{"@type":"WebSite","@id":"https:\/\/termasdepanimavida.cl\/esp\/#website","url":"https:\/\/termasdepanimavida.cl\/esp\/","name":"Termas de P\u00e1nimavida","description":"","publisher":{"@id":"https:\/\/termasdepanimavida.cl\/esp\/#organization"},"potentialAction":[{"@type":"SearchAction","target":{"@type":"EntryPoint","urlTemplate":"https:\/\/termasdepanimavida.cl\/esp\/?s={search_term_string}"},"query-input":{"@type":"PropertyValueSpecification","valueRequired":true,"valueName":"search_term_string"}}],"inLanguage":"es"},{"@type":"Organization","@id":"https:\/\/termasdepanimavida.cl\/esp\/#organization","name":"Termas de P\u00e1nimavida","url":"https:\/\/termasdepanimavida.cl\/esp\/","logo":{"@type":"ImageObject","inLanguage":"es","@id":"https:\/\/termasdepanimavida.cl\/esp\/#\/schema\/logo\/image\/","url":"https:\/\/termasdepanimavida.cl\/2024\/wp-content\/uploads\/2024\/03\/Logotipo_Amarillo-copia.png","contentUrl":"https:\/\/termasdepanimavida.cl\/2024\/wp-content\/uploads\/2024\/03\/Logotipo_Amarillo-copia.png","width":1080,"height":589,"caption":"Termas de P\u00e1nimavida"},"image":{"@id":"https:\/\/termasdepanimavida.cl\/esp\/#\/schema\/logo\/image\/"},"sameAs":["https:\/\/www.facebook.com\/termasdepanimavida.cl","https:\/\/www.instagram.com\/termasdepanimavida.cl\/","https:\/\/www.youtube.com\/@termasdepanimavida1822"]}]}},"_links":{"self":[{"href":"https:\/\/termasdepanimavida.cl\/esp\/wp-json\/wp\/v2\/pages\/9374","targetHints":{"allow":["GET"]}}],"collection":[{"href":"https:\/\/termasdepanimavida.cl\/esp\/wp-json\/wp\/v2\/pages"}],"about":[{"href":"https:\/\/termasdepanimavida.cl\/esp\/wp-json\/wp\/v2\/types\/page"}],"author":[{"embeddable":true,"href":"https:\/\/termasdepanimavida.cl\/esp\/wp-json\/wp\/v2\/users\/1"}],"replies":[{"embeddable":true,"href":"https:\/\/termasdepanimavida.cl\/esp\/wp-json\/wp\/v2\/comments?post=9374"}],"version-history":[{"count":7,"href":"https:\/\/termasdepanimavida.cl\/esp\/wp-json\/wp\/v2\/pages\/9374\/revisions"}],"predecessor-version":[{"id":9397,"href":"https:\/\/termasdepanimavida.cl\/esp\/wp-json\/wp\/v2\/pages\/9374\/revisions\/9397"}],"wp:featuredmedia":[{"embeddable":true,"href":"https:\/\/termasdepanimavida.cl\/esp\/wp-json\/wp\/v2\/media\/3893"}],"wp:attachment":[{"href":"https:\/\/termasdepanimavida.cl\/esp\/wp-json\/wp\/v2\/media?parent=9374"}],"curies":[{"name":"wp","href":"https:\/\/api.w.org\/{rel}","templated":true}]}}